mainder when 61 is divided by 24?
13
What is the remainder when 68374 is divided by 148?
146
Calculate the remainder when 25 is divided by 7.
4
Calculate the remainder when 1156 is divided by 89.
88
What is the remainder when 896 is divided by 152?
136
Calculate the remainder when 271 is divided by 70.
61
Calculate the remainder when 142 is divided by 11.
10
Calculate the remainder when 183 is divided by 13.
1
Calculate the remainder when 498 is divided by 28.
22
What is the remainder when 909 is divided by 186?
165
What is the remainder when 271 is divided by 19?
5
What is the remainder when 639 is divided by 624?
15
What is the remainder when 158 is divided by 140?
18
Calculate the remainder when 844 is divided by 250.
94
Calculate the remainder when 1442 is divided by 40.
2
Calculate the remainder when 436 is divided by 50.
36
What is the remainder when 52 is divided by 3?
1
Calculate the remainder when 406 is divided by 137.
132
What is the remainder when 154 is divided by 95?
59
Calculate the remainder when 154 is divided by 32.
26
What is the remainder when 21377 is divided by 21?
20
Calculate the remainder when 604 is divided by 19.
15
Calculate the remainder when 7 is divided by 2.
1
What is the remainder when 134 is divided by 46?
42
What is the remainder when 68 is divided by 30?
8
What is the remainder when 908 is divided by 48?
44
What is the remainder when 81 is divided by 22?
15
Calculate the remainder when 129 is divided by 11.
8
What is the remainder when 474 is divided by 12?
6
Calculate the remainder when 16 is divided by 4.
0
What is the remainder when 3951 is divided by 26?
25
Calculate the remainder when 476 is divided by 122.
110
What is the remainder when 13 is divided by 10?
3
What is the remainder when 1290 is divided by 50?
40
What is the remainder when 284 is divided by 27?
14
What is the remainder when 155 is divided by 4?
3
Calculate the remainder when 306 is divided by 66.
42
What is the remainder when 57 is divided by 18?
3
Calculate the remainder when 6219 is divided by 3104.
11
What is the remainder when 566 is divided by 277?
12
Calculate the remainder when 6410 is divided by 229.
227
What is the remainder when 492 is divided by 93?
27
What is the remainder when 261 is divided by 11?
8
What is the remainder when 257 is divided by 45?
32
What is the remainder when 147 is divided by 7?
0
Calculate the remainder when 453 is divided by 15.
3
What is the remainder when 2321 is divided by 1157?
7
Calculate the remainder when 258 is divided by 49.
13
Calculate the remainder when 801 is divided by 112.
17
Calculate the remainder when 3084 is divided by 255.
24
Calculate the remainder when 3589 is divided by 63.
61
Calculate the remainder when 216 is divided by 74.
68
Calculate the remainder when 1472 is divided by 59.
56
Calculate the remainder when 80 is divided by 11.
3
Calculate the remainder when 1302 is divided by 1284.
18
What is the remainder when 483 is divided by 57?
27
What is the remainder when 1528 is divided by 761?
6
What is the remainder when 321 is divided by 108?
105
What is the remainder when 2072 is divided by 687?
11
What is the remainder when 18583 is divided by 15?
13
Calculate the remainder when 285 is divided by 40.
5
Calculate the remainder when 165 is divided by 14.
11
What is the remainder when 458 is divided by 122?
92
What is the remainder when 5939 is divided by 33?
32
What is the remainder when 1916 is divided by 71?
70
Calculate the remainder when 121 is divided by 73.
48
Calculate the remainder when 172 is divided by 22.
18
Calculate the remainder when 323 is divided by 96.
35
What is the remainder when 109 is divided by 7?
4
Calculate the remainder when 335 is divided by 8.
7
What is the remainder when 2618 is divided by 19?
15
Calculate the remainder when 1497 is divided by 99.
12
What is the remainder when 310 is divided by 101?
7
What is the remainder when 918 is divided by 117?
99
Calculate the remainder when 273 is divided by 17.
1
What is the remainder when 248 is divided by 66?
50
Calculate the remainder when 250 is divided by 32.
26
What is the remainder when 29 is divided by 7?
1
What is the remainder when 698 is divided by 133?
33
Calculate the remainder when 2447 is divided by 603.
35
What is the remainder when 195 is divided by 6?
3
Calculate the remainder when 18095 is divided by 348.
347
Calculate the remainder when 2752 is divided by 145.
142
What is the remainder when 3149 is divided by 126?
125
What is the remainder when 4288 is divided by 39?
37
What is the remainder when 2948 is divided by 418?
22
Calculate the remainder when 182 is divided by 40.
22
Calculate the remainder when 4684 is divided by 22.
20
What is the remainder when 763 is divided by 28?
7
Calculate the remainder when 3055 is divided by 12.
7
What is the remainder when 391 is divided by 134?
123
What is the remainder when 2629 is divided by 438?
1
Calculate the remainder when 1946 is divided by 647.
5
What is the remainder when 42 is divided by 22?
20
What is the remainder when 168 is divided by 37?
20
Calculate the remainder when 142 is divided by 39.
25
Calculate the remainder when 3510 is divided by 14.
10
What is the remainder when 258 is divided by 66?
60
Calculate the remainder when 2670 is divided by 270.
240
Calculate the remainder when 142 is divided by 129.
13
Calculate the remainder when 1103 is divided by 12.
11
Calculate the remainder when 119 is divided by 42.
35
What is the remainder when 150 is divided by 54?
42
What is the remainder when 195 is divided by 99?
96
Calculate the remainder when 61 is divided by 32.
29
What is the remainder when 648 is divided by 53?
12
What is the remainder when 5790 is divided by 6?
0
What is the remainder when 16046 is divided by 34?
32
What is the remainder when 160 is divided by 53?
1
Calculate the remainder when 89 is divided by 46.
43
What is the remainder when 10059 is divided by 19?
8
Calculate the remainder when 3300 is divided by 236.
232
What is the remainder when 218 is divided by 10?
8
What is the remainder when 598 is divided by 193?
19
What is the remainder when 322 is divided by 155?
12
What is the remainder when 1930 is divided by 28?
26
What is the remainder when 759 is divided by 176?
55
What is the remainder when 336 is divided by 329?
7
Calculate the remainder when 2799 is divided by 40.
39
What is the remainder when 82 is divided by 11?
5
Calculate the remainder when 921 is divided by 116.
109
Calculate the remainder when 24 is divided by 16.
8
Calculate the remainder when 780 is divided by 29.
26
Calculate the remainder when 201 is divided by 42.
33
What is the remainder when 851 is divided by 815?
36
What is the remainder when 745 is divided by 156?
121
Calculate the remainder when 2223 is divided by 53.
50
Calculate the remainder when 101 is divided by 11.
2
What is the remainder when 304 is divided by 177?
127
Calculate the remainder when 44 is divided by 24.
20
What is the remainder when 799 is divided by 52?
19
What is the remainder when 57 is divided by 33?
24
Calculate the remainder when 227 is divided by 7.
3
Calculate the remainder when 266 is divided by 40.
26
Calculate the remainder when 511 is divided by 150.
61
Calculate the remainder when 1466 is divided by 74.
60
What is the remainder when 169 is divided by 9?
7
Calculate the remainder when 1274 is divided by 71.
67
Calculate the remainder when 27 is divided by 9.
0
Calculate the remainder when 15166 is divided by 29.
28
What is the remainder when 423 is divided by 11?
5
What is the remainder when 361 is divided by 26?
23
Calculate the remainder when 11693 is divided by 8.
5
What is the remainder when 243 is divided by 82?
79
What is the remainder when 109 is divided by 46?
17
Calculate the remainder when 1766 is divided by 177.
173
What is the remainder when 60 is divided by 16?
12
What is the remainder when 175 is divided by 30?
25
What is the remainder when 192 is divided by 17?
5
Calculate the remainder when 1655 is divided by 824.
7
Calculate the remainder when 332 is divided by 48.
44
What is the remainder when 13499 is divided by 125?
124
What is the remainder when 683 is divided by 92?
39
What is the remainder when 82 is divided by 3?
1
Calculate the rema